Calculate the greatest common factor of 492 and 1084.
4
What is the highest common factor of 6601 and 1978?
23
Calculate the greatest common divisor of 37774660 and 7700.
1540
What is the highest common divisor of 8864633 and 19720?
493
What is the greatest common divisor of 982860 and 440?
20
Calculate the highest common divisor of 15 and 55366395.
15
Calculate the greatest common divisor of 200381061 and 54030.
5403
Calculate the highest common divisor of 2987 and 3437391808.
2987
Calculate the greatest common divisor of 40025 and 77134579.
1601
Calculate the highest common factor of 186381 and 371709.
1053
What is the greatest common divisor of 74 and 93826820?
74
Calculate the greatest common divisor of 156 and 40834066.
26
Calculate the highest common factor of 28135575 and 15600.
975
Calculate the highest common factor of 58032608 and 1385.
277
What is the highest common divisor of 6140315 and 54060?
4505
Calculate the greatest common divisor of 726548 and 17956.
268
Calculate the highest common divisor of 83 and 90368740.
83
What is the highest common factor of 72 and 130701944?
8
Calculate the highest common factor of 228 and 17696372.
76
Calculate the greatest common divisor of 12961 and 15504347.
997
Calculate the greatest common divisor of 46694 and 7967006.
1262
What is the highest common divisor of 29747589 and 904?
113
Calculate the highest common divisor of 1625 and 44910775.
325
Calculate the highest common divisor of 15022823 and 64961.
263
Calculate the highest common divisor of 84950 and 27017498.
3398
What is the highest common divisor of 1272 and 95869368?
1272
Calculate the highest common factor of 226047 and 202038.
453
Calculate the greatest common factor of 28387 and 4.
1
Calculate the highest common divisor of 2989 and 13660157.
427
What is the highest common divisor of 4344516 and 11340?
324
Calculate the highest common divisor of 3033198 and 4410.
882
Calculate the highest common divisor of 54064 and 44423.
31
What is the greatest common factor of 99785206 and 374?
34
What is the greatest common divisor of 6132 and 989661?
219
What is the greatest common divisor of 5362716513 and 231?
231
Calculate the greatest common divisor of 146466380 and 50.
10
What is the highest common factor of 1470 and 36684585?
735
What is the greatest common factor of 4885 and 104595666?
977
What is the greatest common divisor of 942439727 and 51?
17
Calculate the greatest common divisor of 252 and 17345106.
18
What is the highest common divisor of 8815086 and 1548?
774
Calculate the highest common divisor of 20 and 29204430.
10
Calculate the greatest common divisor of 264 and 526285419.
33
What is the highest common factor of 2282 and 8005419?
163
Calculate the highest common divisor of 6256 and 370944.
368
What is the greatest common factor of 490 and 166881610?
70
What is the highest common divisor of 962462105 and 3065?
3065
What is the highest common divisor of 105 and 24840102?
21
Calculate the highest common factor of 367692 and 13728.
156
Calculate the greatest common factor of 238 and 17007208.
34
Calculate the greatest common divisor of 157966044 and 12.
12
Calculate the highest common divisor of 798 and 18464124.
798
What is the highest common divisor of 1573 and 7562863?
121
What is the highest common divisor of 37408031 and 943?
41
What is the greatest common divisor of 23256 and 27920120?
2584
Calculate the highest common factor of 1360 and 83928592.
272
What is the greatest common factor of 318092096 and 4?
4
What is the greatest common factor of 2345 and 1276015?
335
What is the greatest common divisor of 188 and 66124?
4
What is the greatest common factor of 14900065 and 25?
5
Calculate the highest common factor of 17388496 and 3196.
188
What is the highest common divisor of 3042 and 4384874?
338
What is the greatest common divisor of 933 and 169855449?
933
What is the highest common divisor of 88502 and 464474?
646
Calculate the highest common factor of 435 and 5170497.
87
What is the highest common factor of 17 and 11418458?
17
What is the highest common divisor of 61815 and 80730?
195
Calculate the highest common factor of 1065 and 4247007.
213
What is the greatest common factor of 247 and 76808849?
247
Calculate the highest common divisor of 2336936 and 8729.
203
Calculate the greatest common divisor of 2133360 and 270.
90
What is the highest common factor of 1500 and 33577044?
12
What is the greatest common factor of 299535 and 1075305?
285
What is the highest common factor of 670722892 and 112?
28
Calculate the greatest common factor of 1484 and 426968.
212
What is the highest common divisor of 5311224 and 320024?
2936
Calculate the highest common factor of 368896 and 425216.
2816
Calculate the highest common factor of 1823697301 and 3749.
3749
What is the greatest common factor of 13452250 and 28?
14
What is the greatest common factor of 1440 and 129222360?
360
What is the highest common factor of 119392988 and 26?
26
What is the greatest common divisor of 27490 and 1088690?
10
What is the greatest common divisor of 276640 and 17176?
152
Calculate the greatest common factor of 202938 and 1480494.
1362
Calculate the greatest common divisor of 722 and 3108780.
38
Calculate the highest common divisor of 217277 and 901.
17
What is the highest common factor of 9261 and 195561?
27
What is the highest common divisor of 6202416 and 12?
12
Calculate the greatest common divisor of 147919034 and 226.
226
What is the highest common factor of 50561 and 13750961?
1631
What is the greatest common divisor of 2931012 and 147?
21
What is the highest common factor of 6321655 and 505?
5
What is the greatest common divisor of 19299 and 1380338?
919
Calculate the greatest common factor of 4505712 and 10878.
222
Calculate the highest common factor of 2275 and 11495225.
175
What is the highest common divisor of 207460 and 12876050?
4510
What is the highest common factor of 2332910 and 340?
170
What is the greatest common factor of 408475920 and 430?
430
What is the highest common divisor of 4595 and 39184322?
919
Calculate the highest common divisor of 32931 and 184234309.
3659
Calculate the highest common factor of 121 and 669603.
11
What is the greatest common divisor of 9963 and 2717685?
1107
Calculate the greatest common divisor of 5654 and 2556.
2
Calculate the greatest common divisor of 69 and 31688319.
69
Calculate the highest common factor of 10887 and 134556062.
3629
Calculate the highest common divisor of 19883696 and 29344.
112
What is the greatest common divisor of 171588 and 11929?
79
What is the highest common divisor of 16731 and 2535687?
99
What is the highest common factor of 366474 and 1521638?
1186
What is the highest common factor of 30355216 and 276?
92
What is the highest common divisor of 91 and 48059466?
91
Calculate the greatest common factor of 108 and 8804196.
36
What is the greatest common divisor of 1000265 and 1365?
35
Calculate the highest common factor of 77 and 162098531.
7
Calculate the highest common factor of 572880 and 346080.
1680
Calculate the greatest common divisor of 894 and 10090429.
149
What is the highest common divisor of 283472 and 10870645?
2531
What is the greatest common factor of 12410820 and 15390?
810
Calculate the greatest common divisor of 592230896 and 447.
149
What is the highest common divisor of 168 and 647328?
24
Calculate the highest common factor of 46170 and 2694.
6
Calculate the greatest common divisor of 555335 and 11150600.
2195
Calculate the highest common factor of 344159 and 3064238.
1747
What is the greatest common divisor of 20 and 3522895?
5
What is the greatest common divisor of 3162 and 11429049?
1581
Calculate the highest common factor of 42673 and 183619.
139
Calculate the highest common divisor of 984 and 1500144.
24
Calculate the highest common divisor of 557 and 29959.
1
What is the highest common divisor of 256118553 and 711?
711
Calculate the highest common factor of 889348 and 8.
4
What is the greatest common divisor of 3104587 and 89?
89
What is the greatest common factor of 6414 and 451002?
6
What is the greatest common factor of 979693008 and 42?
42
What is the highest common divisor of 1416984399 and 58?
29
What is the greatest common divisor of 377